(-1 + -4)*-1 - (-107 + 101). Let y = -21 - -76. List the prime factors of 1935/y + -2*1/f.
5, 7
Suppose 3*s - 51600 = -4*b - 5060, 0 = b + s - 11635. What are the prime factors of b?
5, 13, 179
Let t be -2*(-1)/((-2)/(-4)). Suppose 152*v + 3104 = 168*v. Suppose -4*p = -2*a - v, -t*p - a + 232 = p. List the prime factors of p.
47
Let q(c) = 10*c**2 + 16*c - 17. Let x be q(-6). Let h = -188 + x. List the prime factors of h.
59
Let d(l) = 7*l**2 + l + l**3 + 6 - 12*l - l**2 - 5*l**2. Let r be d(7). Suppose -4*c + 965 = r. What are the prime factors of c?
7, 23
Let g = -12 + 8. Let d be (-117)/g*(7 + (-203)/21). Let w = 135 + d. List the prime factors of w.
3, 19
List the prime factors of (-166 - (7 - 16))/(2/(-46)).
23, 157
Let c(j) = -498*j - 8055. List the prime factors of c(-64).
3, 17, 467
Suppose -g + 46922 = -36*o + 40*o, 5*o - 234550 = -5*g. What are the prime factors of g?
2, 47, 499
Let k(q) = 3*q**3 + 18*q**2 + 12*q - 357. What are the prime factors of k(22)?
3, 4507
Let k(l) = -l**3 + l**2. Let t(n) = 2*n**3 - 4*n**2 - 5*n - 1. Let u(i) = k(i) - t(i). What are the prime factors of u(-2)?
5, 7
Suppose -3*h + 0*h + 1455 = 0. Let m = 38 - 35. Suppose -2*y = m*y + b - 479, h = 5*y - 5*b. What are the prime factors of y?
2, 3
Let j = -1 - -6. Let t(v) = v**3 - 6*v**2 + 6*v + 2. Let w be t(j). Let b(i) = i**2 - 2*i - 4. What are the prime factors of b(w)?
31
Suppose -12*o = -42*o + 314387 + 24313. What are the prime factors of o?
2, 5, 1129
Suppose 7*i - 253 + 253 = 0. List the prime factors of (i + -8)*(-10075)/124.
2, 5, 13
Let q be 2/6 - (-2 + (-7530)/9). Suppose 5*n + 2*r - 1615 + 213 = 0, -r - q = -3*n. List the prime factors of n.
2, 5, 7
Suppose 6*x - 4835 = -689. What are the prime factors of x?
691
Let f(j) = 3*j**2 + 26*j - 3. Let v be f(-17). Let r = v + -403. What are the prime factors of r?
19
Suppose -3*b + 21045 = 5*j, -3*b + 389 + 16444 = 4*j. What are the prime factors of j?
2, 3, 13
Suppose 2*v = 9*u - 13*u + 61934, -3*v - 5*u + 92903 = 0. List the prime factors of v.
30971
Suppose 0 = -q - 5, 22129 = 2*w - 2*q - 3*q. What are the prime factors of w?
2, 3, 307
Suppose -2*p + 58 = 10. Suppose 0 - p = y. Let a = y + 146. What are the prime factors of a?
2, 61
Suppose -7*a + 253169 = 2*a - 79696. List the prime factors of a.
5, 13, 569
Let z be 10/6*90/30. List the prime factors of ((4/z)/((-33)/825))/(-1).
2, 5
Let k(j) = 565*j**2 - 139*j + 573. List the prime factors of k(4).
3, 3019
Let o(m) = -255*m + 33. Let n be o(-10). Let g = n + -1524. List the prime factors of g.
3, 353
Let h(d) be the third derivative of -7*d**6/120 + d**5/30 + 5*d**4/8 + 17*d**3/3 - 175*d**2. List the prime factors of h(-4).
2, 227
Let t(p) = 11*p**2 + 19*p - 37. Let a(u) = 2*u**2 - 2. Let c(g) = -3*a(g) + t(g). List the prime factors of c(10).
659
Suppose -13*c + 5*c = -96. Suppose 4*a = 8*a - c. Suppose -4*k + a*z = -2*z - 393, 0 = -2*k - 4*z + 164. What are the prime factors of k?
2, 23
Suppose 0 = -4*r - 1541*q + 1538*q + 103980, -3*q - 51954 = -2*r. List the prime factors of r.
3, 8663
Suppose 3*q - 116156 = -2*j, j - 53026 - 5032 = -4*q. List the prime factors of j.
2, 5, 37, 157
Let m(o) = 2*o**2 + 38*o + 33. Let t be m(-18). What are the prime factors of ((-839)/(-2))/((-28)/(-8) + t)?
839
Suppose -o + 21*g + 7544 = 19*g, 4*o = -3*g + 30187. List the prime factors of o.
2, 7, 11
Let s(u) = -2752*u**2 + 7*u - 4. Let y(i) = 917*i**2 - 2*i + 1. Let l(w) = 2*s(w) + 7*y(w). What are the prime factors of l(-1)?
2, 457
List the prime factors of -24*45/(-162)*(-693)/(-12).
5, 7, 11
Let y(z) = -2*z**2 + z - 8. Let u be y(0). Let h be (-12)/(4/136*3/u). Suppose 2*m + 862 = 4*a - 0*a, -5*a - m = -h. List the prime factors of a.
7, 31
Let l be 33/(-44) + 6/8. Suppose l = 3*t + y - 18, 5*y + 1 - 11 = t. Suppose -t*j - 24 + 310 = 4*z, 5*z - 366 = -2*j. What are the prime factors of z?
2, 37
Let w = 32433 - 18120. List the prime factors of w.
3, 13, 367
Let d be 28/(-70) + (-3842)/(-5). Suppose -57*k + 51*k + d = 0. Suppose 5*b - h - 2*h - k = 0, -3*b + 2*h + 77 = 0. List the prime factors of b.
5
Let p be (0 - 868/1)*(-11 - -12). What are the prime factors of p/6*3/(-2)?
7, 31
Let j(h) = -441*h**2 + h + 2. Let w be j(-1). Let y = w + 684. What are the prime factors of y?
2, 61
Let l(y) = -y**3 + 8*y**2 - 7*y + 2. Let w be l(7). Suppose -2*t - 785 = -4*t - r, -2 = w*r. List the prime factors of t.
3, 131
Suppose -22 + 14 = -4*j. Suppose u - 110 = -4*p + 52, j*p + 304 = 2*u. Suppose -2*r = 5*b - 770, -r = b - 5*r - u. What are the prime factors of b?
2, 7, 11
Let x = -162 - -155. List the prime factors of 4/(8/(-10))*(x - 12).
5, 19
Suppose 0 = 4*q + a + 48, 0*q = -5*q + 4*a - 60. Let b(v) = -34*v + 107. List the prime factors of b(q).
5, 103
Let b(c) = 9*c - 1. Let u be b(6). Suppose 0 = 4*q - 23 - u. Suppose 4*g - 32 = -4*l, 4*g = -2*l + 23 + q. List the prime factors of g.
13
Let h be (-5)/((2 + 0)*(-1)/2). Suppose -3*f + k = 239, -399 = h*f - 2*k + k. List the prime factors of f/(-2)*2/(-4)*-3.
2, 3, 5
Let p = 59 + -77. Let x = 359 - p. Let n = x - 148. List the prime factors of n.
229
Let c = 18 - -69. Let f = 91 - c. List the prime factors of f/6*((0 - -4) + 221).
2, 3, 5
Suppose -2*z + 106 = 4*n, -3*z + n - 94 = -5*z. Suppose 0*b - 2*f = 4*b + 54, -z = 3*b + 3*f. Let i = b + 24. What are the prime factors of i?
2, 3
Suppose 3 = -z + 8. Suppose v = z*o + 12, -4*v - 15 = -3*o + 4*o. List the prime factors of (-6)/2 + o/(21/(-1162)).
163
Suppose 16*h = -26811 + 90891. Suppose 8*n - h = 1395. List the prime factors of n.
3, 5
Let s(x) = -x**3 + 2*x**2 + 12*x + 5. Let w(z) = 5*z - 5. Let f be w(2). Let d be s(f). Let b(g) = -9*g + 37. What are the prime factors of b(d)?
127
Let j(q) = q**3 + 6*q**2 + 3*q + 8. Let b be j(-5). Let g(k) = -k - 65. Let o(w) = 66. Let f(x) = -4*g(x) - 3*o(x). What are the prime factors of f(b)?
2, 67
Let x = 1 - -1. Suppose -5*c - x = -17. List the prime factors of 102 - (-3)/((-3)/c).
3, 11
Suppose -2014 = -27*d - 1049 + 3841. List the prime factors of d.
2, 89
Let p = 1654 - 1668. Let s(a) = -4*a**2 + 0*a**2 + 19 + 3*a**2 - 15*a. What are the prime factors of s(p)?
3, 11
Let s = 92 + -81. Suppose -17*p = -s*p - 342. List the prime factors of p.
3, 19
Suppose 13*y - 11*y - 5*x = 419, 5*y - 1004 = -2*x. Suppose 3*v - 2*v = -g + 6, 0 = 4*g - 4*v - 24. Suppose -7*a = -g*a - y. List the prime factors of a.
2, 101
Suppose -26*z + 501760 = 44*z. What are the prime factors of z?
2, 7
Let b(l) = -l + 7 - 2*l + 2*l. Let y be b(7). Suppose y = -4*x - 3*f + 263, 65 = 4*x + f - 196. What are the prime factors of x?
5, 13
Let s be (-11)/(-55) + 644/5. Let m = 346 - s. Suppose 4*u - 5*n + 2*n = m, 0 = -2*u - 2*n + 98. What are the prime factors of u?
2, 13
Let v(x) = 9*x - 95. Let l be v(11). Suppose 6 = 5*t - 9. Suppose t*m + m = -c + 90, l*c - 338 = -5*m. List the prime factors of c.
2, 41
Suppose -5*b = -4*l - 4795, 4*l + 1253 = 4*b - 2587. What are the prime factors of b?
5, 191
Let n(w) = -2*w**3 - 24*w**2 + 54*w + 117. List the prime factors of n(-22).
8609
Suppose 5*p = 5*w - 11275 + 4180, -5*w + 7123 = 2*p. Suppose -1426*x + w*x + 1806 = 0. What are the prime factors of x?
2, 7, 43
Let u be (1 - -579) + 9/((-45)/10). What are the prime factors of 44/(-198) + u/9?
2
Suppose -2*l - 5*c + 12770 = 0, 19189 = 28*l - 25*l - c. What are the prime factors of l?
5, 1279
Let b(u) = u**3 + 7*u**2 - 39*u + 3. Let z be b(4). Let w(l) be the third derivative of l**4/24 + 13*l**3 + 2*l**2. What are the prime factors of w(z)?
101
Let h(u) = -5*u**3 - 18*u**2 - 21*u + 3. Suppose 5*a = 4*c + 18, 0 = c + 2*a - 1 + 12. List the prime factors of h(c).
983
Let q = -27 + 17. Let p = -83 - -56. Let y = q - p. What are the prime factors of y?
17
Suppose 0 = 89*r - 690082 - 1568115. What are the prime factors of r?
25373
Suppose -45 = 14*o - 17*o. Suppose -16*t + o*t + 231 = 0. What are the prime factors of t?
3, 7, 11
Let x = 29 - -18. Let k = x - 4. What are the prime factors of k?
43
Suppose 2*o = -3*o - 20, 3*k = 5*o + 20. Suppose -2*i - 64 + 82 = k. List the prime factors of i.
3
Let j be (10/3)/((-10)/(-45)). Let y be 78/(-4) + j/(-10) + 0. Let b(r) = r**3 + 20*r**2 - 28*r - 30. What are the prime factors of b(y)?
3, 13
Let w(j) = -2*j - 195. Le